j - 155 = -5*d. What is the tens digit of j?
3
Suppose -5 = y - 2*y. Suppose 2*m - 12 = -3*a, -y*m = a - 1 - 16. Suppose 0 = -a*v + 3 + 3. What is the units digit of v?
3
Suppose -2*s = -3*s - 5*k + 178, 5*k = 5*s - 860. What is the hundreds digit of s?
1
Let w = 20 + -6. What is the units digit of w?
4
Let h = -5 - -10. Suppose -2*u + 23 = s, h*s - 45 = 3*s - 3*u. What is the units digit of s?
1
Let i(a) = -13*a + 17. Let h be i(-10). Suppose 2*l + 2*x - 5*x = 74, -5*l = 2*x - h. What is the tens digit of l?
3
Suppose -1 = 4*v - 13. Let b(r) = r**3 - 3*r**2 + 2. What is the units digit of b(v)?
2
What is the units digit of (1/2)/(6 - (-262)/(-44))?
1
Let k = 5 + -2. Suppose -i + 0 = -k. What is the units digit of i?
3
Let r = -5 + 1. What is the units digit of (6 - 4)*(-10)/r?
5
Suppose -5*h = -0*h + 4*l - 490, 10 = -2*l. What is the tens digit of h?
0
Let d(f) = 3*f**2 + 2*f - 17. What is the tens digit of d(-6)?
7
Let u(k) = 4*k + 11. Let y(p) = p + 1. Let h(t) = -u(t) + 2*y(t). Let s be 7*(1 + (2 - 4)). What is the units digit of h(s)?
5
Suppose 10*h + 7*h - 4131 = 0. What is the units digit of h?
3
Suppose 5*m - 17 + 2 = 0. Suppose -f + 35 = 4*t, 4*f = m*t - 0 - 31. What is the units digit of t?
9
Suppose -16*y = -5*y - 1859. What is the units digit of y?
9
What is the units digit of -2 + ((-432)/3)/(-2)?
0
What is the tens digit of 6/(-27) + (-816)/(-27)?
3
Suppose -2*o - 99 = 2*d - 31, -2*o - 35 = d. Let h(g) = -4*g**3 + 3*g**2 - 2*g + 3. Let n be h(2). Let q = n - d. What is the tens digit of q?
1
Suppose 2*a = w + 2 - 11, -5*w + 6 = 3*a. Suppose 0 = -4*y + 4*g + 20, 2*y = 3*y + w*g - 9. Suppose -6*f + 3*f = -y. What is the units digit of f?
2
What is the tens digit of (6/4)/(15/(-3800)*-5)?
7
Let s(m) = 6*m**3 - 6*m**2 + 5*m + 2. What is the units digit of s(3)?
5
Let x = 139 - 67. What is the tens digit of x?
7
Suppose 0 = -5*k - 0 + 10. Suppose 5*g - 77 = 4*s, -5*s = -k*g + 4 + 37. What is the tens digit of g?
1
What is the units digit of 96/80*15/2?
9
Suppose -i = 3*o - 33, -3*i + 4*o + 204 = 40. What is the units digit of i?
8
Let k = -3 - -45. What is the tens digit of k?
4
Suppose 3*t = -4*k + 5, -4*k - 3*t = k - 4. Let v = 7 + k. Let j = -1 + v. What is the units digit of j?
5
Suppose 20 = -3*f - 5*y, 4*f + 0*f - 3*y + 75 = 0. Let q = 8 + f. Let d = q + 18. What is the tens digit of d?
1
Let r(t) = t**2 + t. Let o(m) = -m + 6. Let k be o(10). What is the units digit of r(k)?
2
Suppose -11*g + 18*g = 441. What is the units digit of g?
3
Let n = 23 + -1. What is the units digit of n?
2
Let o = 143 - 60. What is the tens digit of o?
8
Let k(c) = c**3 + 7*c**2 - 10*c - 3. What is the tens digit of k(-8)?
1
Let f be 4 + -3*2/3. Let b = 11 - f. What is the units digit of b?
9
Let g be 2 + (-3 - (0 + -2)). Let q = -7 - -11. Let c = q - g. What is the units digit of c?
3
Suppose -b = -q + 138, q + b - 148 = -3*b. What is the hundreds digit of q?
1
Suppose v - 16 = -3*v. What is the tens digit of (-2)/4*(-88)/v?
1
Let a(g) = g**2 - g - 12. Let x be a(0). Let j = x + 6. Let p = 2 - j. What is the units digit of p?
8
What is the units digit of (-8 - -1)/(2 - (2 - -1))?
7
Suppose 3*s = -s - 8. What is the units digit of s + 5 + (-4)/(-2)?
5
Let n = 5 - 6. Let r be 0 + n - (0 - 3). Suppose 0 = 4*p - 2*p - r. What is the units digit of p?
1
Suppose -5*s - 1 + 21 = 0. Suppose -3 = s*c - 3*d, -3*d + 0*d = -c - 3. Let y = c - -5. What is the units digit of y?
5
Let p be 192/14 + 6/21. Suppose -4*q = p - 66. What is the units digit of q?
3
Suppose -18 = -3*k + 5*z, 5*k = 4*k - 2*z - 5. Let f(n) = 17*n - 1. Let q be f(k). Suppose 2*v + 5*y - q = -0*y, 0 = 3*v + y - 11. What is the units digit of v?
3
What is the units digit of ((-171)/(-6))/((-6)/(-12))?
7
Let f be (-68)/(-7) + (-6)/(-21). Suppose 7*u = 2*u + f. Suppose -n = -u*n + 5. What is the units digit of n?
5
Let x = 120 + -41. What is the tens digit of x?
7
Suppose i + 3 = 16. Suppose -2 = 3*f + i. Let w = -3 - f. What is the units digit of w?
2
Let u(n) = n**3 + 3*n**2 - 5*n - 23. What is the hundreds digit of u(6)?
2
Suppose -5*t + 38 = -27. What is the units digit of t?
3
Let o(k) = 4*k + 7. What is the tens digit of o(9)?
4
Let g = -2 - -24. Suppose 8*c - 9*c = -g. What is the tens digit of c?
2
Let q(s) = -s**3 - 4*s**2 + 8*s - 3. What is the units digit of q(-6)?
1
Let m(w) = -w**3 - 18*w**2 - w + 13. What is the units digit of m(-18)?
1
Let k be -10 + (-1 - 3/(-3)). Let v = k - -27. What is the tens digit of v?
1
Let l = 18 + 11. Suppose -2*g + y = 17, -3*y + 35 = -2*g - 8*y. Let a = l + g. What is the tens digit of a?
1
Let h = -168 + 260. What is the units digit of h?
2
Let z be 33/4*16/4. What is the tens digit of ((-3)/(-2))/(z/572)?
2
Let s(u) = u**3 - u**2 - 10. Let c be s(0). Let n = c + 19. What is the units digit of n?
9
Suppose -5*n + 4*h = -0*h - 121, -n - 5*h + 30 = 0. What is the tens digit of n?
2
Let r(y) = y**2 - 1 + 1 - y. Let m be r(0). Suppose m = k - 0*v - v - 1, -5*k + 15 = 5*v. What is the units digit of k?
2
Suppose -5*m = -7*m. Suppose -2*p + m*p = -66. What is the units digit of p?
3
Let c be (36/15 + -2)*55. Suppose 0 = 3*v + 7 - c. Suppose -z + 2*n = -5, -3*n - 10 = -v*z + 1. What is the units digit of z?
1
Let t = -11 - -15. Suppose -j = t*j - 75. What is the units digit of j?
5
Let s = 166 - 90. What is the tens digit of s?
7
Suppose 0 = 2*r - 51 + 11. Suppose r*q = 18*q + 8. What is the units digit of q?
4
Suppose 2*j - m + 74 = 0, -m = 2*j + 43 + 27. Let q = -23 - j. What is the units digit of q?
3
What is the units digit of (0 - -2) + 1 + 0?
3
What is the hundreds digit of ((-19684)/22)/(-7) - (-4)/22?
1
Let z = 1 + -9. Let c = z - -26. What is the units digit of c?
8
Let m(f) = -f**3 + f**2 - f + 4. Let n be m(0). Suppose -d - 11 = 2*d + 4*c, 0 = -4*d - n*c - 8. Suppose -d*z + 44 + 19 = 0. What is the tens digit of z?
2
Suppose -y - 4*y = -5*u + 30, 0 = 5*u - y - 10. Let n = u - 6. Let q = n + 10. What is the units digit of q?
5
Suppose -4*d + 6 = -d. Let x be (d - 0)*-1 - -10. Let b = 11 - x. What is the units digit of b?
3
Let d = 9 + -5. Let i = -10 + d. Let c = i + 10. What is the units digit of c?
4
Suppose 5*y - 3 = -2*d, -6 = -2*d + y - 3*y. Suppose 3*s + 4*p - d = 0, 28 + 0 = -4*s + 3*p. Let c = s + 8. What is the units digit of c?
4
Suppose -6 = -5*t + 134. Let v = -15 + t. What is the units digit of v?
3
Suppose 4*s + 5*h = 5, 3*s - 6 = 5*h + 24. Let k(c) = 3*c - 5. Let v be k(s). Let d = v - 5. What is the units digit of d?
5
Suppose -3*w + w - 16 = -2*h, w + 4*h = -13. Let x(d) = -d + 1. Let k(v) = -6*v - 5. Let g(u) = -k(u) + 5*x(u). What is the units digit of g(w)?
1
What is the units digit of -3 - 1284/(-14) - 4/(-14)?
9
Suppose 4*x - 3*x - 1 = 0. Let y = x + 16. What is the units digit of y*(-3 + 2)*-1?
7
Let w(a) be the third derivative of a**6/360 + a**5/60 - a**4/12 + a**3/6 + a**2. Let h(g) be the first derivative of w(g). What is the units digit of h(-4)?
6
Let i(g) = -g**3 + 5*g**2 - 5*g - 3. Let k be i(4). Let a = k - -11. Suppose -80 = -5*d + a*f, 0*d - d = 3*f + 3. What is the tens digit of d?
1
Let f = -3 + 1. Let l be -2 - f/((-4)/(-10)). Suppose h + 3*y - 10 = 0, l*h + y - 18 = -2*y. What is the units digit of h?
4
Let l be (6/(-15))/((-2)/(-40)). Let x(a) = -a + 1. What is the units digit of x(l)?
9
Suppose 5*u = -v + 68, -2*u + u = -2*v + 191. Suppose 0*y - 3*y = r - v, 2*r + 38 = y. What is the units digit of y?
2
Let i(f) = -f**3 + 5*f**2 - 2*f - 9. Let h(u) = -u - 1. Suppose 3*d + 1 = 4*w + 30, 5*w + 40 = 5*d. Let x(t) = d*h(t) - i(t). What is the units digit of x(5)?
1
Let u be 24*2*2/8. Suppose u = -a + 5*g, -2*g - 12 = -2*a - 4*g. What is the units digit of a?
3
Let a be (3 - 2)*(-136 + -1). Let p = -95 - a. What is the units digit of p/8 + 2/(-8)?
5
What is the hundreds digit of (-9 - 408/(-10))/(1/5)?
1
Suppose -5 - 31 = -2*j. Suppose 2*z + z - 2*i = 8, -i = 4*z - j. Suppose z*n = 2 + 2. What is the units digit of n?
1
Suppose -2*t = -o + t - 12, 16 = -3*o + 4*t. Suppose -u + 11 = -o*u. What is the tens digit of u?
1
Let d = 77 - -67. What is the units digit of d?
4
Let o = -14 + 19. Let r(l) be the first derivative of -l**4/4 + 2*l**3 - l**2 + 2*l - 3. What is the units digit of r(o)?
7
Let b = -69 + 165. 